e -3*u - 47 = -2*l, -4*l - 3*u + 44 = u. What is the highest common divisor of l and 12?
4
Suppose 9*o - 2 = 2*s + 7*o, 4*s + 4*o - 20 = 0. Calculate the highest common factor of s and 22.
2
Let c(d) = d**3 + 11*d**2 - 29*d - 17. Let b be c(-13). Let u(p) = 15*p**2 + 5*p + 5. Let k be u(-2). Calculate the highest common divisor of k and b.
11
Suppose 4*w = -4*c + 120, 80 = 3*c + 63*w - 58*w. What is the highest common factor of c and 15?
5
Let p be 16 + 0*(-3 - (-10)/4). Calculate the highest common factor of 4 and p.
4
Let m = -13 - -22. Let y = m - 3. Let q(i) = -i**2 - 13*i + 12. Let c be q(-10). What is the highest common divisor of c and y?
6
Suppose 0 = f + 5*b, -2*f + 87*b - 92*b + 15 = 0. Let x be (2/(-2))/(2/(-18)). What is the greatest common factor of f and x?
3
Suppose 2*y = -q + 8, -q + 5 = y - 0. Calculate the greatest common divisor of 22 and q.
2
Let j = 370 - 316. What is the highest common divisor of 1026 and j?
54
Let k(j) = -2*j + 38. Let u be k(-3). Let f = 3 - 8. Let w(i) = -i - 1. Let b be w(f). What is the greatest common factor of u and b?
4
Let g be 3/(7/((-28)/(-6))). Let v be (g + 48/(-4))/(-2). What is the highest common divisor of 15 and v?
5
Suppose 4*o - 9 = -w, -3*w + 0 + 3 = 0. Suppose -o*y + 10 = 0, 3*g + 2*y - y = 320. What is the greatest common factor of 42 and g?
21
Suppose 3*i = 4*a + 71, -5*i + 109 = -6*a + 4*a. Suppose 13*w - i*w + 216 = 0. Calculate the highest common divisor of 243 and w.
27
Let k(p) = p**3 + 2*p**2 + 2*p - 4. Let u be k(4). Suppose u = 4*s + 480. Let t = s - -137. What is the highest common divisor of t and 28?
14
Suppose 0 = i + 23 - 93. Suppose -6*u = -u - i. Let b(l) = -2*l + 2. Let v be b(-6). What is the greatest common factor of v and u?
14
Suppose -13*a + 154 = -1835. What is the highest common divisor of 204 and a?
51
Let u be 19/(-2) + 6/4. Let z be (-9)/u + (-7)/56. What is the highest common factor of 2 and z?
1
Suppose 2*b - 20*b + 162 = 0. Suppose 3*r - 6 = b. Let u = 21 - 11. Calculate the highest common divisor of r and u.
5
Let g be ((-24)/18)/(40/12)*-140. Calculate the highest common factor of g and 266.
14
Let m(g) = g**3 + g**2 + 20. Let v be m(0). What is the highest common divisor of 20 and v?
20
Let o = 975 - 957. What is the highest common divisor of o and 210?
6
Let g(q) = 54*q - 2. Let y be ((-2)/4)/((-11)/22). Let b be g(y). What is the highest common divisor of 13 and b?
13
Let s = 12 - -4. Let y(x) = x**3 + 8*x**2 + 7*x. Let h be y(-5). What is the highest common divisor of s and h?
8
Suppose 36 = 4*c - 72. Let o = 63 - c. Calculate the highest common factor of o and 12.
12
Suppose 0 = -y - y + c + 379, y - 192 = c. Suppose 0 = 9*i - 38 - y. What is the greatest common factor of i and 100?
25
Suppose 0 = 5*c - 332 - 163. Calculate the greatest common divisor of 9 and c.
9
Suppose 198*t - 205*t + 2590 = 0. What is the greatest common factor of 222 and t?
74
Suppose b - 10 = -4*b. Suppose -2*j + b*c = -c - 236, 0 = -2*j + 2*c + 238. Calculate the greatest common divisor of 11 and j.
11
Let l(f) = 7*f - 5768 + 5756 + 3*f. Let g be l(10). What is the greatest common divisor of g and 11?
11
Suppose i = 5*i - 160. Suppose 4*w = -2*w + 54. Suppose -3*l + 39 = -w. Calculate the greatest common factor of i and l.
8
Let x be (890 - -1)/((-140)/(-42) - 3). Calculate the greatest common divisor of x and 54.
27
Let o(y) = y. Let m be o(-4). Let z(g) = -g**2 - 6*g - 5. Let h be z(m). Let r be 42/4 - h/6. What is the highest common factor of r and 40?
10
Suppose 134*c = 126*c + 5104. What is the highest common divisor of 22 and c?
22
Let t(f) be the first derivative of -f**3/3 + 15*f**2/2 - 3*f + 1. Let i = 2 - -12. Let s be t(i). What is the highest common divisor of s and 11?
11
Let c(p) = 58*p + 46. Let u be c(1). Let s be (-1)/(-6)*3*-4. Let y be s/(-3) - 37/(-3). What is the highest common divisor of u and y?
13
Suppose 44 = 2*t - 4*n, 4*t - 4*n + 27 - 103 = 0. Suppose 2*g = t + 12. What is the highest common factor of 14 and g?
14
Let i(s) = -9*s - 42. Let b be i(-16). What is the highest common divisor of b and 17?
17
Let q(m) = m**2 - 10*m - 1. Let f(a) = 2*a**2 - 19*a - 1. Let b(n) = -6*f(n) + 10*q(n). Let p be b(6). What is the greatest common factor of p and 12?
4
Let d be ((-66)/77)/(3/(-98)). Calculate the greatest common divisor of 364 and d.
28
Suppose -6*q - 96 = -10*q. Suppose -25*u + 63 = -q*u. What is the highest common divisor of u and 21?
21
Let u(f) be the first derivative of 3*f**4 - f**3/3 - f**2 + 3*f - 20. Let y be u(1). What is the greatest common divisor of 78 and y?
6
Suppose -9*l + 774 - 621 = 0. What is the highest common divisor of 629 and l?
17
Let w be 21/(-28) - 38/(-8). Suppose -w*j + 3 = 4*f - 29, -16 = -2*j - f. What is the highest common divisor of 20 and j?
4
Let j(c) = 2*c**3 - 13*c**2 + 12*c - 8. Let m be j(8). Let h = m + -184. Calculate the highest common divisor of h and 12.
12
Suppose -2*z + 5*s = -3*z + 31, -2*z = 5*s - 37. What is the highest common factor of z and 24?
6
Suppose 5*z - x = -218 + 796, -2*z + 245 = -5*x. What is the greatest common factor of 23 and z?
23
Let k(t) = -8*t. Let z be k(-14). Suppose v - 3 = z. Calculate the highest common divisor of v and 23.
23
Let j be ((-27)/12)/((-3)/20). Suppose -2*n - 3*m = -0*m - j, -4*m = -2*n + 50. Calculate the highest common factor of n and 15.
15
Let r be (-2)/2 + 173 - (-9)/(-9). Let z = 67 + -58. Calculate the highest common divisor of r and z.
9
Suppose -1 = 6*b - 1. Let x(m) = 2*m + 17. Let o be x(b). What is the highest common divisor of 17 and o?
17
Let q(z) = 3*z**2 + 2*z. Let w be q(-5). Suppose 0 = 5*h + v - 28, h - 11 = 27*v - 29*v. What is the greatest common divisor of h and w?
5
Suppose 8*i = 4*i + 128. Suppose m - 1 = v, m + 3*m + v - 29 = 0. Let d(y) = 3*y - 2. Let h be d(m). Calculate the highest common factor of h and i.
16
Suppose -3*h + 21 = -0*h. Let x be 0/(-5 + 2 - -1). Suppose x = 2*k + 1 - 29. Calculate the highest common factor of k and h.
7
Let l be ((1344/147)/32)/(4/98). Suppose 5*j - 2*j = 84. What is the greatest common factor of j and l?
7
Let s = -28 + 58. Suppose -287*i + 33*i + 11950 = -15*i. What is the greatest common divisor of i and s?
10
Let r be 634/14 + (-6)/21. Let c(s) = -s + 6. Let u be c(-10). Let i = -7 + u. What is the greatest common divisor of r and i?
9
Let c(b) = 2*b + 36. Let w be c(-16). Suppose 0 = -3*s - w*o + 2 + 5, -o - 14 = -s. Calculate the highest common factor of 9 and s.
9
Suppose -s = 4*f - 85, f + s + 20 = 2*f. Calculate the highest common divisor of 33 and f.
3
Suppose -7*l = -11*l + 16. Let o be -6*(60/9)/(-5). What is the highest common divisor of l and o?
4
Suppose 0*j - 4*j = 356. Let w = j - -103. Calculate the greatest common factor of 21 and w.
7
Suppose 3*i = -2*s, -3*s - i = s + 20. Let a(z) = -1 - 1 - 23*z - 4. Let j be a(s). Calculate the highest common divisor of 12 and j.
12
Suppose x = -5*v + 262, 0 = -3*x - 6*v + 2*v + 819. Suppose -2*w - 267 = -3*w + 4*c, 2*c = w - x. What is the highest common factor of 41 and w?
41
Let q(g) = -13*g - 71. Let b be q(-8). What is the highest common divisor of b and 77?
11
Let o = 1 - 1. Suppose 256 = 5*v - o*y - 2*y, -v + 5*y = -42. Suppose 3*n - 45 = -3*s, s + 7 = -4*n + 28. What is the greatest common factor of v and s?
13
Let f = 95 + -64. Let c = f - 15. Let k be 4/(-18) + 1298/9. What is the highest common factor of k and c?
16
Let u be -1 + 3*5/(-3). Let g be (u/(-5))/((-2)/(-195)). Calculate the highest common factor of 39 and g.
39
Suppose -70 = -5*t + 2*l, -4 = -2*t - 4*l - 0. Suppose 180 = 4*n - f, -4*f - 6 = -n + 24. Suppose r = 86 + n. What is the highest common divisor of r and t?
12
Suppose -3*n + 2 = -4. Let o be (15/(-20))/(n/(-136)). Suppose -o + 11 = -2*q. What is the greatest common factor of q and 50?
10
Suppose -6*t + 4*t = -o - 13, 0 = 5*t - 5*o - 40. What is the highest common factor of t and 15?
5
Let a be -1 - -4 - (-2)/2. Let y(d) = 40*d - 10. Let i be y(a). What is the greatest common factor of 25 and i?
25
Let x(o) = o**2 - 7*o + 5. Let k be x(7). Suppose 0*b = -k*b + 25. Suppose 0 = -b*s - 0 + 10. Calculate the greatest common divisor of 10 and s.
2
Suppose 4235 + 6259 = 18*a. What is the highest common divisor of a and